2 = 0, 6*t = 7*t - h - 283. List the prime factors of t.
3, 5, 19
Let t = -15 + 4. Let z = t - -24. List the prime factors of z.
13
Suppose 5*p = -34 + 24, 3*p = -3*u + 2406. List the prime factors of u.
2, 3, 67
Let m be -1 + (2 - 1) + 14. Suppose 4*j + 2 + m = -3*c, 0 = -3*c + 2*j - 10. List the prime factors of (-134)/c - (-1)/2.
2, 17
Let b = -18 + 22. Suppose -3*s = -3*t - b*s + 1, -t - 8 = 2*s. Suppose t*p = 3*q - 183 + 23, -p = 3*q - 163. What are the prime factors of q?
2, 3
List the prime factors of 3897/(-12)*(70/(-15) - -2).
2, 433
Let c(b) = b**3 + 6*b**2 - 5*b - 1. Let r be c(-5). Let t = 18 + r. What are the prime factors of t?
67
Suppose 0*n = -n + 23. Let j be (4 - (-21)/(-6))*16. Suppose -j*o + 9*o = n. List the prime factors of o.
23
Suppose 44*i - 55047 = -7483. What are the prime factors of i?
23, 47
Suppose 7*n = 4*n - 3*q + 192, -2*n + 4*q + 158 = 0. Suppose -2*r - 4*x = 2, 4*x - 2*x = 3*r - 13. Suppose -4*z + n = -r*z. List the prime factors of z.
3, 23
Let i(t) = 3*t**3 - 9*t**2 + 3*t + 12. What are the prime factors of i(6)?
2, 3, 59
Let y(h) = -19*h**2 - h**3 + 5*h - 28*h**2 + 12 + 36*h**2. Let z be y(-11). Let v = z - -75. What are the prime factors of v?
2
Suppose -2*q - 1333 + 219 = -2*b, -1650 = -3*b - 4*q. What are the prime factors of b?
2, 277
Let c(i) = i + 5. Let m be c(-5). Let k be (-3 - m)*-1 - -2. Let u = k - -14. What are the prime factors of u?
19
Let f(w) = -5*w**3 + w**2 - 3*w - 5. Let y be f(5). List the prime factors of (12/(-8))/(15/y).
2, 31
Let j(d) = -2*d**2 - 14*d - 14. Let b be j(-5). What are the prime factors of (-160)/(-6)*8*b/10?
2
Suppose 2785*o = 2791*o - 7092. What are the prime factors of o?
2, 3, 197
Let u = -3636 - -6580. List the prime factors of u.
2, 23
Let w(c) = -6*c + 44. Let a be w(8). Let v = -1 - -1. What are the prime factors of (-3 - v) + (-96)/a?
3, 7
Let h(o) = -o**3 + 13*o**2 + o - 11. Let d be h(11). Let l = 365 - d. List the prime factors of l.
3, 41
List the prime factors of (9810/(-36))/((-2)/4).
5, 109
Let q = 3 - -2. Suppose 905 = q*s - 180. Suppose 3*k = -5*p + 2*k + s, 4*p = -3*k + 178. What are the prime factors of p?
43
Let l = 24 + -15. Let t(s) = 6 + 4*s - 3*s - l*s. List the prime factors of t(-5).
2, 23
Suppose 3*t = -5*q - 0*t + 769, 3*q = -4*t + 468. Suppose -15 = -2*v - v. Suppose -q + 26 = -2*y + s, -4*s - 315 = -v*y. What are the prime factors of y?
3, 7
Let o be ((1 + 1)/(-1))/(-1). Suppose -5*s + 183 = -o*s. List the prime factors of s.
61
Let c(z) = 7*z + 9. Let a(t) = t + 1. Let o(j) = 4*a(j) + c(j). What are the prime factors of o(4)?
3, 19
Suppose 0 = 2*f - 28 + 16. Let q(k) = 0*k**2 - 5*k**2 + 7 + 6*k**2. List the prime factors of q(f).
43
Let s(q) = -q**2 - 37*q - 68. What are the prime factors of s(-26)?
2, 109
Suppose -11 = 5*u - 26. List the prime factors of (417/21)/(u/21).
139
Suppose 3 = -i - 3. Let l(w) = w - 2*w - w + 19 + 3*w. What are the prime factors of l(i)?
13
Let a be (-57 - 1)*3*-4. What are the prime factors of (a/16)/(3/4)?
2, 29
Let c = 26 + -24. Suppose -5*a = -2*g - c + 6, 5*a + 10 = 5*g. Suppose 4*t + a*t - w - 145 = 0, -143 = -4*t - w. List the prime factors of t.
2, 3
Let o be 8/3*27/18. Suppose -o*w = -3*q + 22, q + 6 = 2*w + 2*w. List the prime factors of q.
2, 7
Let w(n) = -327*n + 45. What are the prime factors of w(-2)?
3, 233
Let j(k) = -66*k**3 + 5*k**2 - 6*k - 10. List the prime factors of j(-4).
2, 17, 127
What are the prime factors of (10/80*790)/((-1)/(-12))?
3, 5, 79
Let d be 2 + 0 - (-3 - 0). Suppose 0 = d*q + 2*o + 51, 3*q + 2*o = 4*q + 3. Let y = q - -15. List the prime factors of y.
2, 3
Suppose -2*j + 0*q + 2*q + 976 = 0, 0 = 5*j + 5*q - 2440. List the prime factors of j.
2, 61
What are the prime factors of (-1 + 2)/((-94)/(-99734))?
1061
Suppose 2*c + 5*b = -6, 2*c - 2*b - 7 = 1. Suppose 3*k = c*g - k - 4, -3*k = 3*g + 21. List the prime factors of (g/(-2))/((-6)/(-39)).
13
Let m = -1361 - -2864. List the prime factors of m.
3, 167
Let q(g) = -g**3 + 5*g**2 + g - 1. Let k be q(5). Suppose -2*r = -5*c - 56, 2*c - 4 = k*c. List the prime factors of r.
23
Suppose 10 = -2*f, -3*o + 3*f = -2*f - 31. Suppose 70 = b - i, -o*i = 2*b - 6*i - 146. List the prime factors of b.
67
Let x(z) be the first derivative of 1/3*z**3 - 9 - 5/2*z**2 - 6*z. What are the prime factors of x(10)?
2, 11
Let a(m) = -6*m**3 - 16*m**2 - 17*m - 32. List the prime factors of a(-10).
2, 2269
Let d = 11471 + -6161. What are the prime factors of d?
2, 3, 5, 59
List the prime factors of 2/23 - (-131740)/(-184)*-4.
2, 179
Let u = -30 + 28. Let p be u + 1 + 0 + 13. Suppose 0 = -7*s + 8*s - p. What are the prime factors of s?
2, 3
Suppose -d = 3*d. Suppose -2*o = -5*u - 10, -u + d*u + o = 2. Let l(h) = -2*h**3 - 2*h**2 - 1. What are the prime factors of l(u)?
7
Suppose 5*p - 2*o - o = 261, -4*o = -4*p + 204. Let n = 57 + p. List the prime factors of n.
3, 37
Let u = -407 - -3321. List the prime factors of u.
2, 31, 47
Suppose -9*b + 6*b = 0. Let f be ((b - 2) + 0)*-1. Suppose 0 = 2*l + 4*v - 56, f*l + 32 = 3*l + v. What are the prime factors of l?
2, 3
Suppose -33*u + 2 = -31*u. List the prime factors of (4 - u)/3 - -50.
3, 17
Suppose -2*j - 3*m = -14, 2*m = 6*m - 8. What are the prime factors of ((-17)/(-1))/(j*(-4)/(-80))?
5, 17
Suppose -17*j + 403 = -21391. List the prime factors of j.
2, 641
Let v(y) = -y + 3. Let h be v(3). Suppose -4*j + 0*j + 12 = h. Suppose 5*d = 3*z - 43, 0 = j*z - d - 37 + 2. List the prime factors of z.
11
Suppose r + 15 = 73. Suppose -25*x + 24*x + r = 0. What are the prime factors of x?
2, 29
Suppose 0 = y - j - 2861, y + 7*j = 4*j + 2869. What are the prime factors of y?
7, 409
Suppose -2*v = -12 - 0. Suppose -7*o + v*o + 84 = 0. List the prime factors of o.
2, 3, 7
List the prime factors of (4628/78)/(1/12).
2, 89
Let k = -21 - -22. Let j be ((-11)/3)/(k/(-3)). Let v(y) = -y**2 + 16*y - 2. List the prime factors of v(j).
53
Suppose 0 = 4*y + 109 - 997. What are the prime factors of y?
2, 3, 37
Suppose 2*c + 3*g - 1284 = 0, 6*c - c + 3*g = 3228. What are the prime factors of c?
2, 3
Suppose -d = -2*d + 14. Let i be ((-3)/(-6))/(1/d). Let z = 14 - i. List the prime factors of z.
7
Suppose -32 = 2*o - 42. Suppose -3*k - z = -o*k + 122, -3*k - 3*z = -165. List the prime factors of k.
59
Let c(b) = 3*b**2 - b + 9. Let q be c(-5). Suppose -4*r - q = -241. Let f = r - -6. What are the prime factors of f?
2, 11
Let o(k) = 2*k**2 + 23*k - 122. What are the prime factors of o(13)?
5, 103
Let o = -27 - -31. Suppose n + 4 = 0, 3*j + n + o = -j. Suppose j = -15*f + 13*f + 78. List the prime factors of f.
3, 13
Let v(f) = 12*f + 15. What are the prime factors of v(8)?
3, 37
Let w(c) = c**2 - 8*c - 32. Let d be w(17). Let v = d - 112. List the prime factors of v.
3
Let o(j) = j**2 - 4*j - 9. Let i be o(5). Let s(q) be the third derivative of q**5/60 + q**4/12 - 2*q**3/3 + 10*q**2. List the prime factors of s(i).
2
Let y(c) = 7 - 14 + 10*c - 13 - 9. List the prime factors of y(7).
41
Let c(l) = -l**3 + 4*l**2 + 7*l - 4. Let h be c(5). Let d(f) = -h*f + 1 + 0 - 3. List the prime factors of d(-3).
2
Let l be (8/20)/(3/15). Suppose l*k - 138 = -2*i, 0*k + 5 = k. List the prime factors of i.
2
Suppose -4*g = -2*g + 5*t + 24, 0 = g + 3*t + 10. Let a = g - -21. Let n = a + 39. What are the prime factors of n?
2, 19
Let y = -46 + 613. What are the prime factors of y?
3, 7
Suppose -3*o + 6*o = -3. Let x be 6 + (o - -2) + -2. Suppose -12 = -5*s - x*g + 18, s + 3*g = -4. What are the prime factors of s?
11
Let k(u) be the first derivative of 4*u**3/3 - u**2 + 5*u - 16. Let p be 0 + 0 - (-3)/(-1). What are the prime factors of k(p)?
47
Let u be (1 - (-2 - -3)) + 10/(-2). Let h(n) = -24*n - 14. List the prime factors of h(u).
2, 53
Suppose -7*v = 3*v - 8460. What are the prime factors of v?
2, 3, 47
Let t = -46 - -59. Suppose 0 = t*f - 4*f - 2619. List the prime factors of f.
3, 97
Suppose -2*i - 27 = -11*i. Suppose i*k - 238 = -f, -f + k + 19 = -199. List the prime factors of f.
223
Let i = 925 - -219. Suppose -4*g = -8*g + i. List the prime factors of (g/(-55))/(2/(-10)).
2, 13
Suppose -7*i + 10*i = 210. Let h be i + -12 - 3*1. Suppose -5*j + h = -0*j. List the prime factors of j.
11
Suppose -5*j - 29 + 9 = 0. Let h be 2 + 79 + j